{"id":108,"date":"2017-12-22T13:54:29","date_gmt":"2017-12-22T13:54:29","guid":{"rendered":"https:\/\/coiffure-exclusive.be\/?page_id=108"},"modified":"2018-01-25T14:30:47","modified_gmt":"2018-01-25T14:30:47","slug":"a-propos-de-nous","status":"publish","type":"page","link":"https:\/\/coiffure-exclusive.be\/fr\/a-propos-de-nous\/","title":{"rendered":"A propos de nous"},"content":{"rendered":"<p style=\"text-align: center;\">Coiffure Exclusive, une valeur permanente situ\u00e9e \u00e0 Asse, \u00a0un service-client parfait et la meilleure qualit\u00e9 de soin.<\/p>\n<p style=\"text-align: center;\">Depuis 1993, notre \u00e9quipe conseille dames, hommes et enfants pour maintenir leurs cheveux en bonne sant\u00e9 et r\u00e9aliser leur coiffure de r\u00eave.<\/p>\n<p style=\"text-align: center;\">Dans un cadre agr\u00e9able et accueillant, nos clients savourent un moment de bien-\u00eatre.<\/p>\n<p style=\"text-align: center;\">Pour b\u00e9n\u00e9ficier du meilleur service, nous vous conseillons de prendre rendez-vous.<\/p>\n<p style=\"text-align: center;\">Naturellement, vous pouvez toujours tenter votre chance en venant chez nous sans rendez-vous.<\/p>\n<p style=\"text-align: center;\">Venez donc profiter de nos talents esth\u00e9tiques, autour d\u2019un caf\u00e9 sympa.<\/p>\n<p style=\"text-align: center;\">Nous vous souhaitons la bienvenue chez nous!<\/p>\n","protected":false},"excerpt":{"rendered":"<p>Coiffure Exclusive, une valeur permanente situ\u00e9e \u00e0 Asse, \u00a0un service-client parfait et la meilleure qualit\u00e9 de soin. Depuis 1993, notre \u00e9quipe conseille dames, hommes et enfants pour maintenir leurs cheveux en bonne sant\u00e9 et r\u00e9aliser leur coiffure de r\u00eave. Dans un cadre agr\u00e9able et accueillant, nos clients savourent un moment de bien-\u00eatre. Pour b\u00e9n\u00e9ficier du &hellip; <\/p>\n<p class=\"link-more\"><a href=\"https:\/\/coiffure-exclusive.be\/fr\/a-propos-de-nous\/\" class=\"more-link\">Continue reading<span class=\"screen-reader-text\"> \u00ab\u00a0A propos de nous\u00a0\u00bb<\/span><\/a><\/p>\n","protected":false},"author":1,"featured_media":0,"parent":0,"menu_order":0,"comment_status":"closed","ping_status":"closed","template":"","meta":{"_acf_changed":false,"footnotes":""},"acf":[],"yoast_head":"<!-- This site is optimized with the Yoast SEO plugin v22.3 - https:\/\/yoast.com\/wordpress\/plugins\/seo\/ -->\n<title>A propos de nous - Coiffure Exclusive<\/title>\n<meta name=\"robots\" content=\"index, follow, max-snippet:-1, max-image-preview:large, max-video-preview:-1\" \/>\n<link rel=\"canonical\" href=\"https:\/\/coiffure-exclusive.be\/fr\/a-propos-de-nous\/\" \/>\n<meta property=\"og:locale\" content=\"fr_FR\" \/>\n<meta property=\"og:type\" content=\"article\" \/>\n<meta property=\"og:title\" content=\"A propos de nous - Coiffure Exclusive\" \/>\n<meta property=\"og:description\" content=\"Coiffure Exclusive, une valeur permanente situ\u00e9e \u00e0 Asse, \u00a0un service-client parfait et la meilleure qualit\u00e9 de soin. Depuis 1993, notre \u00e9quipe conseille dames, hommes et enfants pour maintenir leurs cheveux en bonne sant\u00e9 et r\u00e9aliser leur coiffure de r\u00eave. Dans un cadre agr\u00e9able et accueillant, nos clients savourent un moment de bien-\u00eatre. Pour b\u00e9n\u00e9ficier du &hellip; Continue reading &quot;A propos de nous&quot;\" \/>\n<meta property=\"og:url\" content=\"https:\/\/coiffure-exclusive.be\/fr\/a-propos-de-nous\/\" \/>\n<meta property=\"og:site_name\" content=\"Coiffure Exclusive\" \/>\n<meta property=\"article:publisher\" content=\"https:\/\/www.facebook.com\/Coiffure-Exclusive-587450181317851\/\" \/>\n<meta property=\"article:modified_time\" content=\"2018-01-25T14:30:47+00:00\" \/>\n<meta name=\"twitter:card\" content=\"summary_large_image\" \/>\n<meta name=\"twitter:label1\" content=\"Dur\u00e9e de lecture estim\u00e9e\" \/>\n\t<meta name=\"twitter:data1\" content=\"1 minute\" \/>\n<script type=\"application\/ld+json\" class=\"yoast-schema-graph\">{\"@context\":\"https:\/\/schema.org\",\"@graph\":[{\"@type\":\"WebPage\",\"@id\":\"https:\/\/coiffure-exclusive.be\/fr\/a-propos-de-nous\/\",\"url\":\"https:\/\/coiffure-exclusive.be\/fr\/a-propos-de-nous\/\",\"name\":\"A propos de nous - Coiffure Exclusive\",\"isPartOf\":{\"@id\":\"https:\/\/coiffure-exclusive.be\/fr\/#website\"},\"datePublished\":\"2017-12-22T13:54:29+00:00\",\"dateModified\":\"2018-01-25T14:30:47+00:00\",\"breadcrumb\":{\"@id\":\"https:\/\/coiffure-exclusive.be\/fr\/a-propos-de-nous\/#breadcrumb\"},\"inLanguage\":\"fr-FR\",\"potentialAction\":[{\"@type\":\"ReadAction\",\"target\":[\"https:\/\/coiffure-exclusive.be\/fr\/a-propos-de-nous\/\"]}]},{\"@type\":\"BreadcrumbList\",\"@id\":\"https:\/\/coiffure-exclusive.be\/fr\/a-propos-de-nous\/#breadcrumb\",\"itemListElement\":[{\"@type\":\"ListItem\",\"position\":1,\"name\":\"Home\",\"item\":\"https:\/\/coiffure-exclusive.be\/fr\/home1\/\"},{\"@type\":\"ListItem\",\"position\":2,\"name\":\"A propos de nous\"}]},{\"@type\":\"WebSite\",\"@id\":\"https:\/\/coiffure-exclusive.be\/fr\/#website\",\"url\":\"https:\/\/coiffure-exclusive.be\/fr\/\",\"name\":\"Coiffure Exclusive\",\"description\":\"\",\"publisher\":{\"@id\":\"https:\/\/coiffure-exclusive.be\/fr\/#organization\"},\"potentialAction\":[{\"@type\":\"SearchAction\",\"target\":{\"@type\":\"EntryPoint\",\"urlTemplate\":\"https:\/\/coiffure-exclusive.be\/fr\/?s={search_term_string}\"},\"query-input\":\"required name=search_term_string\"}],\"inLanguage\":\"fr-FR\"},{\"@type\":\"Organization\",\"@id\":\"https:\/\/coiffure-exclusive.be\/fr\/#organization\",\"name\":\"Coiffure Exclusive\",\"url\":\"https:\/\/coiffure-exclusive.be\/fr\/\",\"logo\":{\"@type\":\"ImageObject\",\"inLanguage\":\"fr-FR\",\"@id\":\"https:\/\/coiffure-exclusive.be\/fr\/#\/schema\/logo\/image\/\",\"url\":\"https:\/\/coiffure-exclusive.be\/wp-content\/uploads\/2018\/02\/logo_Exclusive.png\",\"contentUrl\":\"https:\/\/coiffure-exclusive.be\/wp-content\/uploads\/2018\/02\/logo_Exclusive.png\",\"width\":247,\"height\":66,\"caption\":\"Coiffure Exclusive\"},\"image\":{\"@id\":\"https:\/\/coiffure-exclusive.be\/fr\/#\/schema\/logo\/image\/\"},\"sameAs\":[\"https:\/\/www.facebook.com\/Coiffure-Exclusive-587450181317851\/\"]}]}<\/script>\n<!-- \/ Yoast SEO plugin. -->","yoast_head_json":{"title":"A propos de nous - Coiffure Exclusive","robots":{"index":"index","follow":"follow","max-snippet":"max-snippet:-1","max-image-preview":"max-image-preview:large","max-video-preview":"max-video-preview:-1"},"canonical":"https:\/\/coiffure-exclusive.be\/fr\/a-propos-de-nous\/","og_locale":"fr_FR","og_type":"article","og_title":"A propos de nous - Coiffure Exclusive","og_description":"Coiffure Exclusive, une valeur permanente situ\u00e9e \u00e0 Asse, \u00a0un service-client parfait et la meilleure qualit\u00e9 de soin. Depuis 1993, notre \u00e9quipe conseille dames, hommes et enfants pour maintenir leurs cheveux en bonne sant\u00e9 et r\u00e9aliser leur coiffure de r\u00eave. Dans un cadre agr\u00e9able et accueillant, nos clients savourent un moment de bien-\u00eatre. Pour b\u00e9n\u00e9ficier du &hellip; Continue reading \"A propos de nous\"","og_url":"https:\/\/coiffure-exclusive.be\/fr\/a-propos-de-nous\/","og_site_name":"Coiffure Exclusive","article_publisher":"https:\/\/www.facebook.com\/Coiffure-Exclusive-587450181317851\/","article_modified_time":"2018-01-25T14:30:47+00:00","twitter_card":"summary_large_image","twitter_misc":{"Dur\u00e9e de lecture estim\u00e9e":"1 minute"},"schema":{"@context":"https:\/\/schema.org","@graph":[{"@type":"WebPage","@id":"https:\/\/coiffure-exclusive.be\/fr\/a-propos-de-nous\/","url":"https:\/\/coiffure-exclusive.be\/fr\/a-propos-de-nous\/","name":"A propos de nous - Coiffure Exclusive","isPartOf":{"@id":"https:\/\/coiffure-exclusive.be\/fr\/#website"},"datePublished":"2017-12-22T13:54:29+00:00","dateModified":"2018-01-25T14:30:47+00:00","breadcrumb":{"@id":"https:\/\/coiffure-exclusive.be\/fr\/a-propos-de-nous\/#breadcrumb"},"inLanguage":"fr-FR","potentialAction":[{"@type":"ReadAction","target":["https:\/\/coiffure-exclusive.be\/fr\/a-propos-de-nous\/"]}]},{"@type":"BreadcrumbList","@id":"https:\/\/coiffure-exclusive.be\/fr\/a-propos-de-nous\/#breadcrumb","itemListElement":[{"@type":"ListItem","position":1,"name":"Home","item":"https:\/\/coiffure-exclusive.be\/fr\/home1\/"},{"@type":"ListItem","position":2,"name":"A propos de nous"}]},{"@type":"WebSite","@id":"https:\/\/coiffure-exclusive.be\/fr\/#website","url":"https:\/\/coiffure-exclusive.be\/fr\/","name":"Coiffure Exclusive","description":"","publisher":{"@id":"https:\/\/coiffure-exclusive.be\/fr\/#organization"},"potentialAction":[{"@type":"SearchAction","target":{"@type":"EntryPoint","urlTemplate":"https:\/\/coiffure-exclusive.be\/fr\/?s={search_term_string}"},"query-input":"required name=search_term_string"}],"inLanguage":"fr-FR"},{"@type":"Organization","@id":"https:\/\/coiffure-exclusive.be\/fr\/#organization","name":"Coiffure Exclusive","url":"https:\/\/coiffure-exclusive.be\/fr\/","logo":{"@type":"ImageObject","inLanguage":"fr-FR","@id":"https:\/\/coiffure-exclusive.be\/fr\/#\/schema\/logo\/image\/","url":"https:\/\/coiffure-exclusive.be\/wp-content\/uploads\/2018\/02\/logo_Exclusive.png","contentUrl":"https:\/\/coiffure-exclusive.be\/wp-content\/uploads\/2018\/02\/logo_Exclusive.png","width":247,"height":66,"caption":"Coiffure Exclusive"},"image":{"@id":"https:\/\/coiffure-exclusive.be\/fr\/#\/schema\/logo\/image\/"},"sameAs":["https:\/\/www.facebook.com\/Coiffure-Exclusive-587450181317851\/"]}]}},"_links":{"self":[{"href":"https:\/\/coiffure-exclusive.be\/fr\/wp-json\/wp\/v2\/pages\/108"}],"collection":[{"href":"https:\/\/coiffure-exclusive.be\/fr\/wp-json\/wp\/v2\/pages"}],"about":[{"href":"https:\/\/coiffure-exclusive.be\/fr\/wp-json\/wp\/v2\/types\/page"}],"author":[{"embeddable":true,"href":"https:\/\/coiffure-exclusive.be\/fr\/wp-json\/wp\/v2\/users\/1"}],"replies":[{"embeddable":true,"href":"https:\/\/coiffure-exclusive.be\/fr\/wp-json\/wp\/v2\/comments?post=108"}],"version-history":[{"count":4,"href":"https:\/\/coiffure-exclusive.be\/fr\/wp-json\/wp\/v2\/pages\/108\/revisions"}],"predecessor-version":[{"id":264,"href":"https:\/\/coiffure-exclusive.be\/fr\/wp-json\/wp\/v2\/pages\/108\/revisions\/264"}],"wp:attachment":[{"href":"https:\/\/coiffure-exclusive.be\/fr\/wp-json\/wp\/v2\/media?parent=108"}],"curies":[{"name":"wp","href":"https:\/\/api.w.org\/{rel}","templated":true}]}}

<p style="text-align: center;">Coiffure Exclusive, une valeur permanente située à Asse,  un service-client parfait et la meilleure qualité de soin.</p>
<p style="text-align: center;">Depuis 1993, notre équipe conseille dames, hommes et enfants pour maintenir leurs cheveux en bonne santé et réaliser leur coiffure de rêve.</p>
<p style="text-align: center;">Dans un cadre agréable et accueillant, nos clients savourent un moment de bien-être.</p>
<p style="text-align: center;">Pour bénéficier du meilleur service, nous vous conseillons de prendre rendez-vous.</p>
<p style="text-align: center;">Naturellement, vous pouvez toujours tenter votre chance en venant chez nous sans rendez-vous.</p>
<p style="text-align: center;">Venez donc profiter de nos talents esthétiques, autour d’un café sympa.</p>
<p style="text-align: center;">Nous vous souhaitons la bienvenue chez nous!</p>

<p>Coiffure Exclusive, une valeur permanente située à Asse,  un service-client parfait et la meilleure qualité de soin. Depuis 1993, notre équipe conseille dames, hommes et enfants pour maintenir leurs cheveux en bonne santé et réaliser leur coiffure de rêve. Dans un cadre agréable et accueillant, nos clients savourent un moment de bien-être. Pour bénéficier du &hellip; </p>
<p class="link-more"><a href="https://coiffure-exclusive.be/fr/a-propos-de-nous/" class="more-link">Continue reading<span class="screen-reader-text"> « A propos de nous »</span></a></p>

<!-- This site is optimized with the Yoast SEO plugin v22.3 - https://yoast.com/wordpress/plugins/seo/ -->
<title>A propos de nous - Coiffure Exclusive</title>
<meta name="robots" content="index, follow, max-snippet:-1, max-image-preview:large, max-video-preview:-1" />
<link rel="canonical" href="https://coiffure-exclusive.be/fr/a-propos-de-nous/" />
<meta property="og:locale" content="fr_FR" />
<meta property="og:type" content="article" />
<meta property="og:title" content="A propos de nous - Coiffure Exclusive" />
<meta property="og:description" content="Coiffure Exclusive, une valeur permanente située à Asse,  un service-client parfait et la meilleure qualité de soin. Depuis 1993, notre équipe conseille dames, hommes et enfants pour maintenir leurs cheveux en bonne santé et réaliser leur coiffure de rêve. Dans un cadre agréable et accueillant, nos clients savourent un moment de bien-être. Pour bénéficier du &hellip; Continue reading &quot;A propos de nous&quot;" />
<meta property="og:url" content="https://coiffure-exclusive.be/fr/a-propos-de-nous/" />
<meta property="og:site_name" content="Coiffure Exclusive" />
<meta property="article:publisher" content="https://www.facebook.com/Coiffure-Exclusive-587450181317851/" />
<meta property="article:modified_time" content="2018-01-25T14:30:47+00:00" />
<meta name="twitter:card" content="summary_large_image" />
<meta name="twitter:label1" content="Durée de lecture estimée" />
	<meta name="twitter:data1" content="1 minute" />
<script type="application/ld+json" class="yoast-schema-graph">{"@context":"https://schema.org","@graph":[{"@type":"WebPage","@id":"https://coiffure-exclusive.be/fr/a-propos-de-nous/","url":"https://coiffure-exclusive.be/fr/a-propos-de-nous/","name":"A propos de nous - Coiffure Exclusive","isPartOf":{"@id":"https://coiffure-exclusive.be/fr/#website"},"datePublished":"2017-12-22T13:54:29+00:00","dateModified":"2018-01-25T14:30:47+00:00","breadcrumb":{"@id":"https://coiffure-exclusive.be/fr/a-propos-de-nous/#breadcrumb"},"inLanguage":"fr-FR","potentialAction":[{"@type":"ReadAction","target":["https://coiffure-exclusive.be/fr/a-propos-de-nous/"]}]},{"@type":"BreadcrumbList","@id":"https://coiffure-exclusive.be/fr/a-propos-de-nous/#breadcrumb","itemListElement":[{"@type":"ListItem","position":1,"name":"Home","item":"https://coiffure-exclusive.be/fr/home1/"},{"@type":"ListItem","position":2,"name":"A propos de nous"}]},{"@type":"WebSite","@id":"https://coiffure-exclusive.be/fr/#website","url":"https://coiffure-exclusive.be/fr/","name":"Coiffure Exclusive","description":"","publisher":{"@id":"https://coiffure-exclusive.be/fr/#organization"},"potentialAction":[{"@type":"SearchAction","target":{"@type":"EntryPoint","urlTemplate":"https://coiffure-exclusive.be/fr/?s={search_term_string}"},"query-input":"required name=search_term_string"}],"inLanguage":"fr-FR"},{"@type":"Organization","@id":"https://coiffure-exclusive.be/fr/#organization","name":"Coiffure Exclusive","url":"https://coiffure-exclusive.be/fr/","logo":{"@type":"ImageObject","inLanguage":"fr-FR","@id":"https://coiffure-exclusive.be/fr/#/schema/logo/image/","url":"https://coiffure-exclusive.be/wp-content/uploads/2018/02/logo_Exclusive.png","contentUrl":"https://coiffure-exclusive.be/wp-content/uploads/2018/02/logo_Exclusive.png","width":247,"height":66,"caption":"Coiffure Exclusive"},"image":{"@id":"https://coiffure-exclusive.be/fr/#/schema/logo/image/"},"sameAs":["https://www.facebook.com/Coiffure-Exclusive-587450181317851/"]}]}</script>
<!-- / Yoast SEO plugin. -->

Coiffure Exclusive, une valeur permanente située à Asse,  un service-client parfait et la meilleure qualité de soin. Depuis 1993, notre équipe conseille dames, hommes et enfants pour maintenir leurs cheveux en bonne santé et réaliser leur coiffure de rêve. Dans un cadre agréable et accueillant, nos clients savourent un moment de bien-être. Pour bénéficier du &hellip; Continue reading "A propos de nous"
